{"id":166,"date":"2024-08-28T00:21:56","date_gmt":"2024-08-28T00:21:56","guid":{"rendered":"https:\/\/garotto.com\/?post_type=product&#038;p=166"},"modified":"2024-08-28T01:03:33","modified_gmt":"2024-08-28T01:03:33","slug":"prensa-de-120t-con-manometro-noshok-digital-bomba-electrica","status":"publish","type":"product","link":"https:\/\/garotto.com\/index.php\/producto\/prensa-de-120t-con-manometro-noshok-digital-bomba-electrica\/","title":{"rendered":"Prensa de 120T con man\u00f3metro NOSHOK digital, bomba el\u00e9ctrica"},"content":{"rendered":"<h2 id=\"cc-m-header-6011276957\" class=\"\">Prensa de 120T con man\u00f3metro NOSHOK digital, resoluci\u00f3n de 10kg y bomba el\u00e9ctrica de paso regulable<\/h2>\n","protected":false},"excerpt":{"rendered":"<p>Prensa de 120T con man\u00f3metro NOSHOK digital, resoluci\u00f3n de 10kg y bomba el\u00e9ctrica de paso regulable<\/p>\n","protected":false},"featured_media":175,"comment_status":"closed","ping_status":"closed","template":"","meta":{"_joinchat":[]},"product_cat":[18],"product_tag":[],"class_list":{"0":"post-166","1":"product","2":"type-product","3":"status-publish","4":"has-post-thumbnail","6":"product_cat-prensas","8":"first","9":"instock","10":"shipping-taxable","11":"product-type-simple"},"_links":{"self":[{"href":"https:\/\/garotto.com\/index.php\/wp-json\/wp\/v2\/product\/166","targetHints":{"allow":["GET"]}}],"collection":[{"href":"https:\/\/garotto.com\/index.php\/wp-json\/wp\/v2\/product"}],"about":[{"href":"https:\/\/garotto.com\/index.php\/wp-json\/wp\/v2\/types\/product"}],"replies":[{"embeddable":true,"href":"https:\/\/garotto.com\/index.php\/wp-json\/wp\/v2\/comments?post=166"}],"wp:featuredmedia":[{"embeddable":true,"href":"https:\/\/garotto.com\/index.php\/wp-json\/wp\/v2\/media\/175"}],"wp:attachment":[{"href":"https:\/\/garotto.com\/index.php\/wp-json\/wp\/v2\/media?parent=166"}],"wp:term":[{"taxonomy":"product_cat","embeddable":true,"href":"https:\/\/garotto.com\/index.php\/wp-json\/wp\/v2\/product_cat?post=166"},{"taxonomy":"product_tag","embeddable":true,"href":"https:\/\/garotto.com\/index.php\/wp-json\/wp\/v2\/product_tag?post=166"}],"curies":[{"name":"wp","href":"https:\/\/api.w.org\/{rel}","templated":true}]}}